{"id":108,"date":"2026-05-09T07:36:13","date_gmt":"2026-05-09T05:36:13","guid":{"rendered":"http:\/\/kxhiswf.cluster121.hosting.ovh.net\/?page_id=108"},"modified":"2026-05-09T08:36:39","modified_gmt":"2026-05-09T06:36:39","slug":"les-chasses-traditionnelles","status":"publish","type":"page","link":"https:\/\/www.gasconsdebiscarrosse.net\/index.php\/les-chasses-traditionnelles\/","title":{"rendered":"Les chasses traditionnelles"},"content":{"rendered":"\n<p>Les chasses traditionnelles d&rsquo;autes c\u00f2ps &#8211; les petits oiseaux<\/p>\n\n\n\n<div class=\"wp-block-group is-nowrap is-layout-flex wp-container-core-group-is-layout-ad2f72ca wp-block-group-is-layout-flex\">\n<p><a href=\"http:\/\/www.gasconsdebiscarrosse.net\/blog\/blogs\/media\/blogs\/b\/drapeau-oc.gif?mtime=1341240048\"><\/a><strong>Viure al Pa\u00eds &#8211; BIAIS : DAB LO JEAN-CLAUDE EN LAS DUNAS DE BISCARROSSA &#8211; publication du 8 d\u00e9cembre 2017<\/strong><\/p>\n<\/div>\n\n\n\n<p>\u00ab\u00a0La chasse aux oiseaux migrateurs est pratiqu\u00e9e depuis des si\u00e8cles dans les Landes. Jean-Claude, figure de la vie culturelle de Biscarrosse (40), est toujours pr\u00eat \u00e0 partager ses connaissances. Il nous montre ici, une technique originale pour attraper vivants les petits oiseaux. Une chasse d\u2019automne, \u00e0 la saison o\u00f9 les arbousiers sont color\u00e9s de fruits murs.<\/p>\n\n\n\n<p><em>(pour regarder la s\u00e9quence, cliquez sur le lien et reportez-vous \u00e0 la date de parution)<\/em><\/p>\n\n\n\n<figure class=\"wp-block-embed\"><div class=\"wp-block-embed__wrapper\">\nhttps:\/\/france3-regions.blog.francetvinfo.fr\/le-blog-de-viure-al-pais-france3\n<\/div><\/figure>\n\n\n\n<h3 class=\"wp-block-heading\">&nbsp;<\/h3>\n","protected":false},"excerpt":{"rendered":"<p>Les chasses traditionnelles d&rsquo;autes c\u00f2ps &#8211; les petits oiseaux Viure al Pa\u00eds &#8211; BIAIS : DAB LO JEAN-CLAUDE EN LAS DUNAS DE BISCARROSSA &#8211; publication du 8 d\u00e9cembre 2017 \u00ab\u00a0La chasse aux oiseaux migrateurs est pratiqu\u00e9e depuis des si\u00e8cles dans &hellip; <a href=\"https:\/\/www.gasconsdebiscarrosse.net\/index.php\/les-chasses-traditionnelles\/\">Continuer la lecture <span class=\"meta-nav\">&rarr;<\/span><\/a><\/p>\n","protected":false},"author":1,"featured_media":0,"parent":0,"menu_order":0,"comment_status":"closed","ping_status":"closed","template":"","meta":{"footnotes":""},"class_list":["post-108","page","type-page","status-publish","hentry"],"_links":{"self":[{"href":"https:\/\/www.gasconsdebiscarrosse.net\/index.php\/wp-json\/wp\/v2\/pages\/108","targetHints":{"allow":["GET"]}}],"collection":[{"href":"https:\/\/www.gasconsdebiscarrosse.net\/index.php\/wp-json\/wp\/v2\/pages"}],"about":[{"href":"https:\/\/www.gasconsdebiscarrosse.net\/index.php\/wp-json\/wp\/v2\/types\/page"}],"author":[{"embeddable":true,"href":"https:\/\/www.gasconsdebiscarrosse.net\/index.php\/wp-json\/wp\/v2\/users\/1"}],"replies":[{"embeddable":true,"href":"https:\/\/www.gasconsdebiscarrosse.net\/index.php\/wp-json\/wp\/v2\/comments?post=108"}],"version-history":[{"count":2,"href":"https:\/\/www.gasconsdebiscarrosse.net\/index.php\/wp-json\/wp\/v2\/pages\/108\/revisions"}],"predecessor-version":[{"id":190,"href":"https:\/\/www.gasconsdebiscarrosse.net\/index.php\/wp-json\/wp\/v2\/pages\/108\/revisions\/190"}],"wp:attachment":[{"href":"https:\/\/www.gasconsdebiscarrosse.net\/index.php\/wp-json\/wp\/v2\/media?parent=108"}],"curies":[{"name":"wp","href":"https:\/\/api.w.org\/{rel}","templated":true}]}}