{"id":200,"date":"2026-05-09T08:50:09","date_gmt":"2026-05-09T06:50:09","guid":{"rendered":"http:\/\/kxhiswf.cluster121.hosting.ovh.net\/?page_id=200"},"modified":"2026-05-11T16:10:55","modified_gmt":"2026-05-11T14:10:55","slug":"chant","status":"publish","type":"page","link":"https:\/\/www.gasconsdebiscarrosse.net\/index.php\/chant\/","title":{"rendered":"Chant"},"content":{"rendered":"\n<figure class=\"wp-block-image size-full\"><img loading=\"lazy\" decoding=\"async\" width=\"30\" height=\"20\" src=\"http:\/\/https:\/\/www.gasconsdebiscarrosse.net\/wp-content\/uploads\/2026\/05\/drapeau-fr-15.gif\" alt=\"\" class=\"wp-image-203\"\/><\/figure>\n\n\n\n<p>Pour se rem\u00e9morer les airs traditionnels d&rsquo;Occitanie, en fran\u00e7ais ou en gascon, los P\u00e8cs-Cantaires se font une joie de redonner vie \u00e0 bien des morceaux dont on ne conna\u00eet plus souvent que le refrain et le premier couplet.<\/p>\n\n\n\n<figure class=\"wp-block-image size-full\"><img loading=\"lazy\" decoding=\"async\" width=\"30\" height=\"20\" src=\"https:\/\/www.gasconsdebiscarrosse.net\/wp-content\/uploads\/2026\/05\/drapeau-fr-41.gif\" alt=\"\" class=\"wp-image-367\"\/><\/figure>\n\n\n\n<p>Dans notre r\u00e9pertoire :<\/p>\n\n\n\n<ul class=\"wp-block-list\">\n<li>les chants traditionnels d&rsquo;Occitanie en fran\u00e7ais, gascon, b\u00e9arnais,&#8230; (Se Canto, La Dacquoise, Los Tilhol\u00e8rs, Le B\u00e9ret, l&rsquo;Estaca, Les F\u00eates de Maul\u00e9on, B\u00e8th c\u00e8u de Pau&#8230;);<\/li>\n\n\n\n<li>les vieilles complaintes fran\u00e7aises du grand Sud-Ouest (Derri\u00e8re chez nous, Mon Dieu que j&rsquo;en suis \u00e0 mon aise&#8230;);<\/li>\n\n\n\n<li>des chants extraits des r\u00e9pertoires des grands groupes occitans (Nadau, Pagalhos, &#8230;) ou d&rsquo;autres artistes ( Andr\u00e9 Dassary, Marcel Amont, F\u00e9line-Gast\u00e9&#8230;);<\/li>\n\n\n\n<li>et bien d&rsquo;autres.<\/li>\n<\/ul>\n\n\n\n<figure class=\"wp-block-image size-full\"><img loading=\"lazy\" decoding=\"async\" width=\"30\" height=\"20\" src=\"https:\/\/www.gasconsdebiscarrosse.net\/wp-content\/uploads\/2026\/05\/drapeau-oc-41.gif\" alt=\"\" class=\"wp-image-368\"\/><\/figure>\n\n\n\n<p><a href=\"http:\/\/www.gasconsdebiscarrosse.net\/blog\/blogs\/media\/blogs\/b\/drapeau-oc.gif?mtime=1341240048\"><\/a>&nbsp; Ent\u00e0 memori\u00e0&rsquo;s los cants traditionaus d&rsquo;Occitania, en franc\u00e8s o en gascon, los P\u00e8cs-Cantaires qu&rsquo;an plesir d&rsquo;arrevitar h\u00f2rt de tr\u00f2\u00e7 que ne coneishan pas mei sonque l&rsquo;arrepic e lo purm\u00e8r coplet.<\/p>\n\n\n\n<figure class=\"wp-block-image size-full\"><img loading=\"lazy\" decoding=\"async\" width=\"600\" height=\"253\" src=\"http:\/\/https:\/\/www.gasconsdebiscarrosse.net\/wp-content\/uploads\/2026\/05\/groupe-2.png\" alt=\"\" class=\"wp-image-202\" srcset=\"https:\/\/www.gasconsdebiscarrosse.net\/wp-content\/uploads\/2026\/05\/groupe-2.png 600w, https:\/\/www.gasconsdebiscarrosse.net\/wp-content\/uploads\/2026\/05\/groupe-2-300x127.png 300w\" sizes=\"auto, (max-width: 600px) 100vw, 600px\" \/><\/figure>\n","protected":false},"excerpt":{"rendered":"<p>Pour se rem\u00e9morer les airs traditionnels d&rsquo;Occitanie, en fran\u00e7ais ou en gascon, los P\u00e8cs-Cantaires se font une joie de redonner vie \u00e0 bien des morceaux dont on ne conna\u00eet plus souvent que le refrain et le premier couplet. Dans notre &hellip; <a href=\"https:\/\/www.gasconsdebiscarrosse.net\/index.php\/chant\/\">Continuer la lecture <span class=\"meta-nav\">&rarr;<\/span><\/a><\/p>\n","protected":false},"author":1,"featured_media":0,"parent":0,"menu_order":0,"comment_status":"closed","ping_status":"closed","template":"","meta":{"footnotes":""},"class_list":["post-200","page","type-page","status-publish","hentry"],"_links":{"self":[{"href":"https:\/\/www.gasconsdebiscarrosse.net\/index.php\/wp-json\/wp\/v2\/pages\/200","targetHints":{"allow":["GET"]}}],"collection":[{"href":"https:\/\/www.gasconsdebiscarrosse.net\/index.php\/wp-json\/wp\/v2\/pages"}],"about":[{"href":"https:\/\/www.gasconsdebiscarrosse.net\/index.php\/wp-json\/wp\/v2\/types\/page"}],"author":[{"embeddable":true,"href":"https:\/\/www.gasconsdebiscarrosse.net\/index.php\/wp-json\/wp\/v2\/users\/1"}],"replies":[{"embeddable":true,"href":"https:\/\/www.gasconsdebiscarrosse.net\/index.php\/wp-json\/wp\/v2\/comments?post=200"}],"version-history":[{"count":2,"href":"https:\/\/www.gasconsdebiscarrosse.net\/index.php\/wp-json\/wp\/v2\/pages\/200\/revisions"}],"predecessor-version":[{"id":369,"href":"https:\/\/www.gasconsdebiscarrosse.net\/index.php\/wp-json\/wp\/v2\/pages\/200\/revisions\/369"}],"wp:attachment":[{"href":"https:\/\/www.gasconsdebiscarrosse.net\/index.php\/wp-json\/wp\/v2\/media?parent=200"}],"curies":[{"name":"wp","href":"https:\/\/api.w.org\/{rel}","templated":true}]}}