{"id":248,"date":"2026-05-10T07:49:20","date_gmt":"2026-05-10T05:49:20","guid":{"rendered":"http:\/\/kxhiswf.cluster121.hosting.ovh.net\/?page_id=248"},"modified":"2026-05-11T16:19:00","modified_gmt":"2026-05-11T14:19:00","slug":"theatre-en-co-de-neneta","status":"publish","type":"page","link":"https:\/\/www.gasconsdebiscarrosse.net\/index.php\/theatre-en-co-de-neneta\/","title":{"rendered":"En \u00e7\u00f2 de Neneta"},"content":{"rendered":"\n<figure class=\"wp-block-image size-full\"><img loading=\"lazy\" decoding=\"async\" width=\"30\" height=\"20\" src=\"https:\/\/www.gasconsdebiscarrosse.net\/wp-content\/uploads\/2026\/05\/drapeau-fr-46.gif\" alt=\"\" class=\"wp-image-392\"\/><\/figure>\n\n\n\n<p>Que se passe t&rsquo;il dans un bar ? Quelles personnes y rencontre t&rsquo;on et qu&rsquo;est-ce qu&rsquo;il peut bien s&rsquo;y dire ? \u00ab\u00a0En \u00e7\u00f2 de Neneta\u00a0\u00bb est ce bar qui vous propose de rentrer dans l&rsquo;univers d&rsquo;un bistrot d&rsquo;autrefois et au travers d&rsquo;histoires, sketchs et po\u00e8mes, vous faire d\u00e9couvrir les gens que l&rsquo;on pouvait y c\u00f4toyer.<\/p>\n\n\n\n<figure class=\"wp-block-image size-full\"><img loading=\"lazy\" decoding=\"async\" width=\"30\" height=\"20\" src=\"https:\/\/www.gasconsdebiscarrosse.net\/wp-content\/uploads\/2026\/05\/drapeau-oc-45.gif\" alt=\"\" class=\"wp-image-393\"\/><\/figure>\n\n\n\n<p>E \u00e7\u00f2 que s&rsquo;i passa dehens un bar ? Quinas personas i troban e \u00e7\u00f2 qu&rsquo;i p\u00f2t bien s ic d\u00edder ? \u00ab En \u00e7\u00f2 de Neneta \u00bb, qu&rsquo;es aqueth bar que vs perpausa d&rsquo;entrar dens l&rsquo;univ\u00e8rs d&rsquo;un estanquet d&rsquo;autes c\u00f2ps on, au travers d&rsquo;ist\u00f2rias, scenetas e po\u00e8mas, poderetz descobrir las gens qu&rsquo;ic pod\u00e8van trobar.<\/p>\n\n\n\n<p class=\"has-text-align-center has-medium-font-size\">Los Fran-P\u00e8cs dans les coulisses<\/p>\n\n\n\n<figure class=\"wp-block-gallery has-nested-images columns-default is-cropped wp-block-gallery-1 is-layout-flex wp-block-gallery-is-layout-flex\">\n<figure class=\"wp-block-image size-large\"><img loading=\"lazy\" decoding=\"async\" width=\"400\" height=\"400\" data-id=\"256\" src=\"https:\/\/www.gasconsdebiscarrosse.net\/wp-content\/uploads\/2026\/05\/photo2.png\" alt=\"\" class=\"wp-image-256\" srcset=\"https:\/\/www.gasconsdebiscarrosse.net\/wp-content\/uploads\/2026\/05\/photo2.png 400w, https:\/\/www.gasconsdebiscarrosse.net\/wp-content\/uploads\/2026\/05\/photo2-300x300.png 300w, https:\/\/www.gasconsdebiscarrosse.net\/wp-content\/uploads\/2026\/05\/photo2-150x150.png 150w\" sizes=\"auto, (max-width: 400px) 100vw, 400px\" \/><\/figure>\n<\/figure>\n\n\n\n<figure class=\"wp-block-gallery has-nested-images columns-default is-cropped wp-block-gallery-2 is-layout-flex wp-block-gallery-is-layout-flex\">\n<figure class=\"wp-block-image size-large\"><img loading=\"lazy\" decoding=\"async\" width=\"400\" height=\"400\" data-id=\"257\" src=\"https:\/\/www.gasconsdebiscarrosse.net\/wp-content\/uploads\/2026\/05\/photo3.png\" alt=\"\" class=\"wp-image-257\" srcset=\"https:\/\/www.gasconsdebiscarrosse.net\/wp-content\/uploads\/2026\/05\/photo3.png 400w, https:\/\/www.gasconsdebiscarrosse.net\/wp-content\/uploads\/2026\/05\/photo3-300x300.png 300w, https:\/\/www.gasconsdebiscarrosse.net\/wp-content\/uploads\/2026\/05\/photo3-150x150.png 150w\" sizes=\"auto, (max-width: 400px) 100vw, 400px\" \/><\/figure>\n<\/figure>\n\n\n\n<figure class=\"wp-block-gallery has-nested-images columns-default is-cropped wp-block-gallery-3 is-layout-flex wp-block-gallery-is-layout-flex\">\n<figure class=\"wp-block-image size-large\"><img loading=\"lazy\" decoding=\"async\" width=\"400\" height=\"400\" data-id=\"258\" src=\"https:\/\/www.gasconsdebiscarrosse.net\/wp-content\/uploads\/2026\/05\/photo4.png\" alt=\"\" class=\"wp-image-258\" srcset=\"https:\/\/www.gasconsdebiscarrosse.net\/wp-content\/uploads\/2026\/05\/photo4.png 400w, https:\/\/www.gasconsdebiscarrosse.net\/wp-content\/uploads\/2026\/05\/photo4-300x300.png 300w, https:\/\/www.gasconsdebiscarrosse.net\/wp-content\/uploads\/2026\/05\/photo4-150x150.png 150w\" sizes=\"auto, (max-width: 400px) 100vw, 400px\" \/><\/figure>\n<\/figure>\n\n\n\n<figure class=\"wp-block-gallery has-nested-images columns-default is-cropped wp-block-gallery-4 is-layout-flex wp-block-gallery-is-layout-flex\">\n<figure class=\"wp-block-image size-large\"><img loading=\"lazy\" decoding=\"async\" width=\"400\" height=\"400\" data-id=\"255\" src=\"https:\/\/www.gasconsdebiscarrosse.net\/wp-content\/uploads\/2026\/05\/photo1-1.png\" alt=\"\" class=\"wp-image-255\" srcset=\"https:\/\/www.gasconsdebiscarrosse.net\/wp-content\/uploads\/2026\/05\/photo1-1.png 400w, https:\/\/www.gasconsdebiscarrosse.net\/wp-content\/uploads\/2026\/05\/photo1-1-300x300.png 300w, https:\/\/www.gasconsdebiscarrosse.net\/wp-content\/uploads\/2026\/05\/photo1-1-150x150.png 150w\" sizes=\"auto, (max-width: 400px) 100vw, 400px\" \/><\/figure>\n<\/figure>\n\n\n\n<figure class=\"wp-block-gallery has-nested-images columns-default is-cropped wp-block-gallery-5 is-layout-flex wp-block-gallery-is-layout-flex\">\n<figure class=\"wp-block-image size-large\"><img loading=\"lazy\" decoding=\"async\" width=\"225\" height=\"400\" data-id=\"260\" src=\"https:\/\/www.gasconsdebiscarrosse.net\/wp-content\/uploads\/2026\/05\/photo5.png\" alt=\"\" class=\"wp-image-260\" srcset=\"https:\/\/www.gasconsdebiscarrosse.net\/wp-content\/uploads\/2026\/05\/photo5.png 225w, https:\/\/www.gasconsdebiscarrosse.net\/wp-content\/uploads\/2026\/05\/photo5-169x300.png 169w\" sizes=\"auto, (max-width: 225px) 100vw, 225px\" \/><\/figure>\n<\/figure>\n\n\n\n<figure class=\"wp-block-gallery has-nested-images columns-default is-cropped wp-block-gallery-6 is-layout-flex wp-block-gallery-is-layout-flex\">\n<figure class=\"wp-block-image size-large\"><img loading=\"lazy\" decoding=\"async\" width=\"225\" height=\"400\" data-id=\"261\" src=\"https:\/\/www.gasconsdebiscarrosse.net\/wp-content\/uploads\/2026\/05\/photo6-1.png\" alt=\"\" class=\"wp-image-261\" srcset=\"https:\/\/www.gasconsdebiscarrosse.net\/wp-content\/uploads\/2026\/05\/photo6-1.png 225w, https:\/\/www.gasconsdebiscarrosse.net\/wp-content\/uploads\/2026\/05\/photo6-1-169x300.png 169w\" sizes=\"auto, (max-width: 225px) 100vw, 225px\" \/><\/figure>\n<\/figure>\n\n\n\n<figure class=\"wp-block-gallery has-nested-images columns-default is-cropped wp-block-gallery-7 is-layout-flex wp-block-gallery-is-layout-flex\">\n<figure class=\"wp-block-image size-large\"><img loading=\"lazy\" decoding=\"async\" width=\"400\" height=\"400\" data-id=\"259\" src=\"https:\/\/www.gasconsdebiscarrosse.net\/wp-content\/uploads\/2026\/05\/photo7.png\" alt=\"\" class=\"wp-image-259\" srcset=\"https:\/\/www.gasconsdebiscarrosse.net\/wp-content\/uploads\/2026\/05\/photo7.png 400w, https:\/\/www.gasconsdebiscarrosse.net\/wp-content\/uploads\/2026\/05\/photo7-300x300.png 300w, https:\/\/www.gasconsdebiscarrosse.net\/wp-content\/uploads\/2026\/05\/photo7-150x150.png 150w\" sizes=\"auto, (max-width: 400px) 100vw, 400px\" \/><\/figure>\n<\/figure>\n\n\n\n<figure class=\"wp-block-gallery has-nested-images columns-default is-cropped wp-block-gallery-8 is-layout-flex wp-block-gallery-is-layout-flex\">\n<figure class=\"wp-block-image size-large\"><img loading=\"lazy\" decoding=\"async\" width=\"225\" height=\"400\" data-id=\"263\" src=\"https:\/\/www.gasconsdebiscarrosse.net\/wp-content\/uploads\/2026\/05\/photo8.png\" alt=\"\" class=\"wp-image-263\" srcset=\"https:\/\/www.gasconsdebiscarrosse.net\/wp-content\/uploads\/2026\/05\/photo8.png 225w, https:\/\/www.gasconsdebiscarrosse.net\/wp-content\/uploads\/2026\/05\/photo8-169x300.png 169w\" sizes=\"auto, (max-width: 225px) 100vw, 225px\" \/><\/figure>\n<\/figure>\n\n\n\n<figure class=\"wp-block-gallery has-nested-images columns-default is-cropped wp-block-gallery-9 is-layout-flex wp-block-gallery-is-layout-flex\">\n<figure class=\"wp-block-image size-large\"><img loading=\"lazy\" decoding=\"async\" width=\"225\" height=\"400\" data-id=\"264\" src=\"https:\/\/www.gasconsdebiscarrosse.net\/wp-content\/uploads\/2026\/05\/photo9.png\" alt=\"\" class=\"wp-image-264\" srcset=\"https:\/\/www.gasconsdebiscarrosse.net\/wp-content\/uploads\/2026\/05\/photo9.png 225w, https:\/\/www.gasconsdebiscarrosse.net\/wp-content\/uploads\/2026\/05\/photo9-169x300.png 169w\" sizes=\"auto, (max-width: 225px) 100vw, 225px\" \/><\/figure>\n<\/figure>\n\n\n\n<figure class=\"wp-block-gallery has-nested-images columns-default is-cropped wp-block-gallery-10 is-layout-flex wp-block-gallery-is-layout-flex\">\n<figure class=\"wp-block-image size-large\"><img loading=\"lazy\" decoding=\"async\" width=\"400\" height=\"400\" data-id=\"262\" src=\"https:\/\/www.gasconsdebiscarrosse.net\/wp-content\/uploads\/2026\/05\/photo10.png\" alt=\"\" class=\"wp-image-262\" srcset=\"https:\/\/www.gasconsdebiscarrosse.net\/wp-content\/uploads\/2026\/05\/photo10.png 400w, https:\/\/www.gasconsdebiscarrosse.net\/wp-content\/uploads\/2026\/05\/photo10-300x300.png 300w, https:\/\/www.gasconsdebiscarrosse.net\/wp-content\/uploads\/2026\/05\/photo10-150x150.png 150w\" sizes=\"auto, (max-width: 400px) 100vw, 400px\" \/><\/figure>\n<\/figure>\n\n\n\n<figure class=\"wp-block-gallery has-nested-images columns-default is-cropped wp-block-gallery-11 is-layout-flex wp-block-gallery-is-layout-flex\">\n<figure class=\"wp-block-image size-large\"><img loading=\"lazy\" decoding=\"async\" width=\"225\" height=\"400\" data-id=\"265\" src=\"https:\/\/www.gasconsdebiscarrosse.net\/wp-content\/uploads\/2026\/05\/photo11.png\" alt=\"\" class=\"wp-image-265\" srcset=\"https:\/\/www.gasconsdebiscarrosse.net\/wp-content\/uploads\/2026\/05\/photo11.png 225w, https:\/\/www.gasconsdebiscarrosse.net\/wp-content\/uploads\/2026\/05\/photo11-169x300.png 169w\" sizes=\"auto, (max-width: 225px) 100vw, 225px\" \/><\/figure>\n<\/figure>\n\n\n\n<figure class=\"wp-block-gallery has-nested-images columns-default is-cropped wp-block-gallery-12 is-layout-flex wp-block-gallery-is-layout-flex\">\n<figure class=\"wp-block-image size-large\"><img loading=\"lazy\" decoding=\"async\" width=\"400\" height=\"400\" data-id=\"266\" src=\"https:\/\/www.gasconsdebiscarrosse.net\/wp-content\/uploads\/2026\/05\/photo12.png\" alt=\"\" class=\"wp-image-266\" srcset=\"https:\/\/www.gasconsdebiscarrosse.net\/wp-content\/uploads\/2026\/05\/photo12.png 400w, https:\/\/www.gasconsdebiscarrosse.net\/wp-content\/uploads\/2026\/05\/photo12-300x300.png 300w, https:\/\/www.gasconsdebiscarrosse.net\/wp-content\/uploads\/2026\/05\/photo12-150x150.png 150w\" sizes=\"auto, (max-width: 400px) 100vw, 400px\" \/><\/figure>\n<\/figure>\n\n\n\n<figure class=\"wp-block-gallery has-nested-images columns-default is-cropped wp-block-gallery-13 is-layout-flex wp-block-gallery-is-layout-flex\">\n<figure class=\"wp-block-image size-large\"><img loading=\"lazy\" decoding=\"async\" width=\"400\" height=\"400\" data-id=\"267\" src=\"https:\/\/www.gasconsdebiscarrosse.net\/wp-content\/uploads\/2026\/05\/photo13-1.png\" alt=\"\" class=\"wp-image-267\" srcset=\"https:\/\/www.gasconsdebiscarrosse.net\/wp-content\/uploads\/2026\/05\/photo13-1.png 400w, https:\/\/www.gasconsdebiscarrosse.net\/wp-content\/uploads\/2026\/05\/photo13-1-300x300.png 300w, https:\/\/www.gasconsdebiscarrosse.net\/wp-content\/uploads\/2026\/05\/photo13-1-150x150.png 150w\" sizes=\"auto, (max-width: 400px) 100vw, 400px\" \/><\/figure>\n<\/figure>\n\n\n\n<figure class=\"wp-block-gallery has-nested-images columns-default is-cropped wp-block-gallery-14 is-layout-flex wp-block-gallery-is-layout-flex\">\n<figure class=\"wp-block-image size-large\"><img loading=\"lazy\" decoding=\"async\" width=\"225\" height=\"400\" data-id=\"268\" src=\"https:\/\/www.gasconsdebiscarrosse.net\/wp-content\/uploads\/2026\/05\/photo15.png\" alt=\"\" class=\"wp-image-268\" srcset=\"https:\/\/www.gasconsdebiscarrosse.net\/wp-content\/uploads\/2026\/05\/photo15.png 225w, https:\/\/www.gasconsdebiscarrosse.net\/wp-content\/uploads\/2026\/05\/photo15-169x300.png 169w\" sizes=\"auto, (max-width: 225px) 100vw, 225px\" \/><\/figure>\n<\/figure>\n","protected":false},"excerpt":{"rendered":"<p>Que se passe t&rsquo;il dans un bar ? Quelles personnes y rencontre t&rsquo;on et qu&rsquo;est-ce qu&rsquo;il peut bien s&rsquo;y dire ? \u00ab\u00a0En \u00e7\u00f2 de Neneta\u00a0\u00bb est ce bar qui vous propose de rentrer dans l&rsquo;univers d&rsquo;un bistrot d&rsquo;autrefois et au &hellip; <a href=\"https:\/\/www.gasconsdebiscarrosse.net\/index.php\/theatre-en-co-de-neneta\/\">Continuer la lecture <span class=\"meta-nav\">&rarr;<\/span><\/a><\/p>\n","protected":false},"author":1,"featured_media":0,"parent":0,"menu_order":0,"comment_status":"closed","ping_status":"closed","template":"","meta":{"footnotes":""},"class_list":["post-248","page","type-page","status-publish","hentry"],"_links":{"self":[{"href":"https:\/\/www.gasconsdebiscarrosse.net\/index.php\/wp-json\/wp\/v2\/pages\/248","targetHints":{"allow":["GET"]}}],"collection":[{"href":"https:\/\/www.gasconsdebiscarrosse.net\/index.php\/wp-json\/wp\/v2\/pages"}],"about":[{"href":"https:\/\/www.gasconsdebiscarrosse.net\/index.php\/wp-json\/wp\/v2\/types\/page"}],"author":[{"embeddable":true,"href":"https:\/\/www.gasconsdebiscarrosse.net\/index.php\/wp-json\/wp\/v2\/users\/1"}],"replies":[{"embeddable":true,"href":"https:\/\/www.gasconsdebiscarrosse.net\/index.php\/wp-json\/wp\/v2\/comments?post=248"}],"version-history":[{"count":7,"href":"https:\/\/www.gasconsdebiscarrosse.net\/index.php\/wp-json\/wp\/v2\/pages\/248\/revisions"}],"predecessor-version":[{"id":395,"href":"https:\/\/www.gasconsdebiscarrosse.net\/index.php\/wp-json\/wp\/v2\/pages\/248\/revisions\/395"}],"wp:attachment":[{"href":"https:\/\/www.gasconsdebiscarrosse.net\/index.php\/wp-json\/wp\/v2\/media?parent=248"}],"curies":[{"name":"wp","href":"https:\/\/api.w.org\/{rel}","templated":true}]}}